t of 1252983306?
2
What is the millions digit of 25052118?
5
What is the tens digit of 1628277306?
0
What is the tens digit of 15713728?
2
What is the billions digit of 6260277884?
6
What is the ten millions digit of 96645406?
9
What is the hundreds digit of 17375485?
4
What is the hundred thousands digit of 699334813?
3
What is the millions digit of 94526438?
4
What is the units digit of 489230089?
9
What is the hundred thousands digit of 234683968?
6
What is the millions digit of 72998918?
2
What is the ten millions digit of 23390567?
2
What is the hundred millions digit of 815518791?
8
What is the units digit of 89517919?
9
What is the ten millions digit of 433303486?
3
What is the hundred thousands digit of 827071137?
0
What is the hundred thousands digit of 82268223?
2
What is the thousands digit of 45403007?
3
What is the tens digit of 1645581?
8
What is the ten thousands digit of 48052771?
5
What is the ten thousands digit of 802176157?
7
What is the ten thousands digit of 30406462?
0
What is the hundred thousands digit of 23574260?
5
What is the hundreds digit of 3195204072?
0
What is the billions digit of 1719223212?
1
What is the tens digit of 127436976?
7
What is the millions digit of 9428345?
9
What is the tens digit of 134287875?
7
What is the hundred thousands digit of 2032803843?
8
What is the hundreds digit of 274676128?
1
What is the hundred thousands digit of 195120805?
1
What is the thousands digit of 5634194540?
4
What is the hundred thousands digit of 2314328739?
3
What is the ten millions digit of 378591795?
7
What is the hundred thousands digit of 426258650?
2
What is the tens digit of 10126804?
0
What is the units digit of 1309011355?
5
What is the units digit of 582390407?
7
What is the hundreds digit of 323898228?
2
What is the tens digit of 45211102?
0
What is the billions digit of 1695221697?
1
What is the ten millions digit of 1315800904?
1
What is the ten thousands digit of 2317098902?
9
What is the hundred thousands digit of 1278957846?
9
What is the ten millions digit of 58512703?
5
What is the tens digit of 9322139?
3
What is the hundreds digit of 147071929?
9
What is the hundred thousands digit of 65856962?
8
What is the units digit of 5214201?
1
What is the ten thousands digit of 387283896?
8
What is the tens digit of 418215352?
5
What is the thousands digit of 67193468?
3
What is the tens digit of 158465202?
0
What is the thousands digit of 1472508970?
8
What is the ten thousands digit of 849175429?
7
What is the tens digit of 461220796?
9
What is the millions digit of 1054519315?
4
What is the hundred millions digit of 109380875?
1
What is the millions digit of 43111598?
3
What is the tens digit of 832289880?
8
What is the hundreds digit of 29560923?
9
What is the hundred thousands digit of 490442945?
4
What is the millions digit of 112223429?
2
What is the millions digit of 4972608?
4
What is the tens digit of 204896802?
0
What is the ten millions digit of 1169768819?
6
What is the tens digit of 173472706?
0
What is the ten millions digit of 5535737493?
3
What is the tens digit of 373125758?
5
What is the tens digit of 405726384?
8
What is the ten millions digit of 105350166?
0
What is the tens digit of 375015218?
1
What is the millions digit of 279291493?
9
What is the ten millions digit of 3923814347?
2
What is the hundred thousands digit of 112702938?
7
What is the millions digit of 31395309?
1
What is the hundreds digit of 1025503094?
0
What is the tens digit of 3190392420?
2
What is the millions digit of 8973166?
8
What is the thousands digit of 46995103?
5
What is the ten thousands digit of 16856137?
5
What is the hundreds digit of 3692499?
4
What is the thousands digit of 219050899?
0
What is the hundreds digit of 144292798?
7
What is the units digit of 49577662?
2
What is the hundred millions digit of 370650078?
3
What is the tens digit of 13299650?
5
What is the billions digit of 1182119687?
1
What is the hundred millions digit of 3393506872?
3
What is the millions digit of 19880249?
9
What is the hundred millions digit of 131006634?
1
What is the hundreds digit of 271118243?
2
What is the hundreds digit of 106274236?
2
What is the millions digit of 2937051503?
7
What is the thousands digit of 702527519?
7
What is the ten thousands digit of 17570772?
7
What is the ten millions digit of 1196852526?
9
What is the hundred thousands digit of 179933330?
9
What is the ten millions digit of 6475923512?
7
What is the units digit of 88746487?
7
What is the ten millions digit of 60307160?
6
What is the hundred thousands digit of 123197189?
1
What is the thousands digit of 31397973?
7
What is the ten thousands digit of 34238195?
3
What is the millions digit of 2852935280?
2
What is the thousands digit of 28211157?
1
What is the ten millions digit of 627331151?
2
What is the ten thousands digit of 6137852583?
5
What is the ten millions digit of 145883655?
4
What is the hundred thousands digit of 429897981?
8
What is the ten millions digit of 140754702?
4
What is the millions digit of 49442326?
9
What is the thousands digit of 365805675?
5
What is the hundreds digit of 263729600?
6
What is the units digit of 30317978?
8
What is the billions digit of 1089743145?
1
What is the hundred thousands digit of 311056910?
0
What is the millions digit of 71657706?
1
What is the ten thousands digit of 112603119?
0
What is the millions digit of 198688059?
8
What is the ten thousands digit of 78163579?
6
What is the tens digit of 515785693?
9
What is the ten millions digit of 189394170?
8
What is the hundred thousands digit of 135960883?
9
What is the millions digit of 228000284?
8
What is the millions digit of 180563762?
0
What is the ten millions digit of 3229716710?
2
What is the hundred thousands digit of 1933635232?
6
What is the hundred thousands digit of 2080354413?
3
What is the units digit of 61761891?
1
What is the hundreds digit of 34416069?
0
What is the units digit of 864156088?
8
What is the ten thousands digit of 143432754?
3
What is the ten thousands digit of 5461892836?
9
What is the ten thousands digit of 2623935137?
3
What is the ten millions digit of 34387092?
3
What is the ten thousands digit of 72911794?
1
What is the hundreds digit of 963764688?
6
What is the ten thousands digit of 82349085?
4
What is the thousands digit of 22890109?
0
What is the tens digit of 636681334?
3
What is the tens digit of 26412701?
0
What is the tens digit of 704503831?
3
What is the hundred thousands digit of 243285188?
2
What is the hundreds digit of 5994496334?
3
What is the ten thousands digit of 91700322?
0
What is the ten thousands digit of 2648229147?
2
What is the units digit of 488025917?
7
What is the tens digit of 4872022530?
3
What is the units digit of 4257370460?
0
What is the hundreds digit of 231958053?
0
What is the thousands digit of 106918885?
8
What is the millions digit of 3750644375?
0
What is the thousands digit of 123236319?
6
What is the hundred thousands digit of 6329481723?
4
What is the billions digit of 1520732776?
1
What is the millions digit of 155642594?
5
What is the ten thousands digit of 531029157?
2
What is the millions digit of 743812209?
3
What is the tens digit of 29413192?
9
What is the units digit of 111119748?
8
What is the ten millions digit of 584681357?
8
What is the tens digit of 2243131851?
5
What is the ten millions digit of 541738659?
4
What is the hundreds digit of 574867568?
5
What is the hundred millions digit of 7318081462?
3
What is the tens digit of 110231532?
3
What is the hundred thousands digit of 186508171?
5
What is the hundred millions digit of 142699547?
1
What is the hundreds digit of 11368244?
2
What is the ten millions digit of 220522493?
2
What is the ten thousands digit of 96249648?
4
What is the ten thousands digit of 137946452?
4
What is the millions digit of 1152264?
1
What is the units digit of 608149878?
8
What is the hundreds digit of 1421114525?
5
What is the millions digit of 2621385?
2
What is the tens digit of 3400168191?
9
What is the hundred thousands digit of 70976636?
9
What is the billions digit of 6830889040?
6
What is the ten millions digit of 93308560?
9
What is the units digit of 283945816?
6
What is the millions digit of 3474236917?
